or of 4 and 7140704?
4
Calculate the highest common factor of 273887471 and 73931.
6721
What is the highest common divisor of 492 and 92166?
6
What is the highest common divisor of 153882 and 456084?
1854
Calculate the greatest common factor of 382971787 and 151.
151
What is the highest common divisor of 19026 and 1815926?
2114
What is the highest common divisor of 892022885 and 130?
65
Calculate the greatest common divisor of 10 and 937770370.
10
What is the greatest common factor of 72 and 18510504?
24
Calculate the greatest common factor of 34486 and 551174.
86
What is the highest common factor of 234549 and 755055?
3213
Calculate the highest common factor of 50112 and 1630032.
1392
What is the greatest common divisor of 48127 and 85?
17
What is the greatest common factor of 415007224 and 632?
632
Calculate the highest common divisor of 79838 and 1446698.
418
What is the greatest common divisor of 2662 and 25865323?
1331
Calculate the greatest common divisor of 52039 and 832.
13
Calculate the greatest common factor of 1360 and 7302928.
272
What is the greatest common factor of 26262 and 1772874?
18
Calculate the greatest common factor of 830224290 and 524.
262
Calculate the highest common divisor of 732006 and 10098.
198
Calculate the highest common divisor of 173759 and 6961451.
3697
Calculate the greatest common factor of 46332576 and 2448.
144
Calculate the highest common factor of 2646 and 15451758.
882
Calculate the greatest common divisor of 3705 and 29949985.
1235
Calculate the highest common factor of 28 and 15837983.
7
What is the greatest common divisor of 99746616 and 10404?
3468
Calculate the greatest common divisor of 630216 and 4.
4
Calculate the greatest common divisor of 24 and 20579514.
6
What is the greatest common divisor of 1892 and 622138?
22
Calculate the highest common factor of 16789 and 684023.
103
Calculate the greatest common divisor of 12 and 1962908.
4
Calculate the highest common factor of 60 and 6480645.
15
What is the highest common divisor of 4591701 and 27?
27
Calculate the highest common divisor of 2618978 and 5932.
2966
What is the greatest common divisor of 52869612 and 24?
12
What is the highest common factor of 94 and 56217358?
94
What is the highest common factor of 26 and 1081137707?
13
Calculate the highest common factor of 210974 and 42402.
74
Calculate the highest common divisor of 2272 and 552292528.
1136
What is the greatest common factor of 45847 and 9480677?
2413
What is the highest common factor of 63247700 and 1028?
1028
Calculate the highest common factor of 2178 and 69697683.
99
What is the greatest common divisor of 1248486 and 1140918?
498
Calculate the highest common factor of 200 and 36876650.
50
Calculate the highest common divisor of 5868540 and 216.
36
Calculate the greatest common factor of 65 and 469194310.
65
What is the highest common factor of 1375606845 and 15?
15
What is the highest common factor of 3202358 and 369376?
3298
What is the greatest common factor of 306 and 3263940?
18
Calculate the highest common divisor of 62037300 and 120.
60
What is the greatest common factor of 3402719 and 473?
43
What is the greatest common divisor of 1180 and 11555858?
118
What is the greatest common divisor of 1070 and 177085?
535
Calculate the highest common divisor of 25025106 and 6.
6
Calculate the greatest common factor of 52626 and 3042.
6
Calculate the greatest common divisor of 86135 and 103790.
535
What is the highest common divisor of 32956 and 259028?
308
What is the greatest common divisor of 17725 and 85825?
25
What is the greatest common divisor of 18900 and 3804570?
1890
Calculate the highest common divisor of 4168076 and 688.
172
What is the greatest common factor of 44734820 and 149721?
4537
Calculate the greatest common factor of 23414 and 4635788.
46
What is the highest common divisor of 1247205 and 1095?
1095
What is the highest common divisor of 207355 and 506805?
565
Calculate the greatest common divisor of 414 and 3954915.
9
Calculate the greatest common factor of 1668584 and 88.
8
What is the highest common factor of 350660 and 2759?
89
Calculate the greatest common factor of 368745248 and 16.
16
What is the greatest common factor of 9 and 3345471?
9
What is the highest common factor of 20324679 and 3567?
87
Calculate the highest common divisor of 24462 and 86670.
162
What is the greatest common factor of 548 and 13552?
4
Calculate the highest common divisor of 96 and 3864144.
48
What is the highest common factor of 1215716 and 472916?
2476
Calculate the highest common factor of 14701 and 246989.
61
Calculate the greatest common factor of 9860402 and 146.
146
What is the highest common factor of 4317200 and 160?
80
What is the highest common factor of 3819920 and 48?
16
What is the highest common factor of 10965400 and 1635?
545
Calculate the highest common factor of 4722 and 7428493.
787
What is the greatest common divisor of 5681 and 50342058?
247
What is the highest common divisor of 48052 and 1476?
164
What is the highest common factor of 26036 and 83308691?
6509
What is the greatest common divisor of 1927 and 5667824?
47
Calculate the greatest common factor of 121235966 and 4315.
863
Calculate the highest common factor of 2457 and 22542156.
819
What is the greatest common divisor of 14848 and 446368?
928
What is the greatest common divisor of 526427 and 3971?
11
What is the greatest common divisor of 572 and 750695?
11
What is the greatest common divisor of 394621 and 1585573?
2363
Calculate the greatest common divisor of 267180140 and 1370.
1370
Calculate the greatest common factor of 19676098 and 13.
13
Calculate the greatest common factor of 21817623 and 3576.
447
Calculate the greatest common factor of 440956 and 552.
92
What is the greatest common factor of 1311 and 4681581?
1311
What is the highest common divisor of 157206 and 453264?
798
What is the greatest common divisor of 3924398 and 4?
2
What is the greatest common divisor of 133848 and 91767?
507
Calculate the highest common factor of 775032 and 691440.
1032
Calculate the greatest common divisor of 74 and 2110126058.
74
What is the highest common factor of 40 and 249915880?
40
Calculate the highest common divisor of 27777146 and 46.
46
What is the greatest common factor of 3722544 and 4928?
112
Calculate the highest common divisor of 34134278 and 3194.
3194
What is the greatest common divisor of 153015780 and 1380?
1380
Calculate the greatest common factor of 8 and 10193.
1
Calculate the greatest common factor of 6691135 and 248369.
3707
Calculate the highest common factor of 273402 and 35441.
5063
What is the greatest common factor of 333 and 181287?
9
What is the highest common divisor of 2449 and 495883?
79
Calculate the highest common divisor of 44030 and 3564050.
1190
Calculate the greatest common divisor of 1764007 and 28.
7
Calculate the greatest common divisor of 751288 and 464.
8
What is the greatest common factor of 1130 and 250870?
10
Calculate the greatest common divisor of 5295806 and 46002.
1394
Calculate the greatest common divisor of 1402 and 18308017.
701
Calculate the greatest common divisor of 2 and 17334100.
2
Calculate the greatest common factor of 4304784 and 341.
341
Calculate the highest common factor of 35 and 7978065.
5
What is the greatest common divisor of 61831 and 103697?
121
What is the greatest common factor of 33792 and 2058876?
12
Calculate the greatest common divisor of 64 and 28803056.
16
What is the greatest common divisor of 73 and 16320537?
73
What is the highest common factor of 158334825 and 2050?
1025
What is the highest common factor of 312296 and 259994?
758
What is the greatest common factor of 4095 and 73084518?
117
What is the highest common factor of 96 and 1268?
4
Calculate the highest common factor of 104 and 260179478.
26
Calculate the greatest common divisor of 24 and 85375912.
8
Calculate the greatest common factor of 192940 and 5.
5
What is the greatest common factor of 1028678 and 70?
14
What is the greatest common divisor of 35215290 and 891?
297
Calculate the highest common factor of 305278958 and 3070.
614
What is the greatest common divisor of 171683 and 204979403?
10099
What is the greatest common factor of 6789930 and 215454?
894
What